b(i) = -3*i**3 - 4*i**2 - 2*i. List the prime factors of b(-2).
2, 3
What are the prime factors of (-2)/((-4)/(-63))*6/(-9)?
3, 7
Let r = 23 - 17. What are the prime factors of r?
2, 3
Let u(y) = 16*y - 3. Let f be u(3). Suppose f = 4*m - 15. Suppose -m = 3*o - 4*o. What are the prime factors of o?
3, 5
Let w(q) = 2*q - 6*q + 3*q - 2*q + 1. Let n be w(-5). Let f = 28 - n. List the prime factors of f.
2, 3
Let m(c) = -7*c**3 + 5*c**2 + 7*c + 2. What are the prime factors of m(-2)?
2
Suppose 13 = -4*n + 37. Suppose 4*x = n*x - 40. List the prime factors of x.
2, 5
Let c be ((-2)/1)/((-8)/44). Suppose 4*l - 23 = 3*h, l - h = -2*l + c. Suppose -3*p = 0, -l*r = -0*r + 5*p - 6. List the prime factors of r.
3
Suppose 4*q - 12 = -4*p + 3*q, p - 4*q - 20 = 0. Suppose 5*m - 13 = -p*j, 4*j = 5*m + 47 - 4. What are the prime factors of j + (0 - -3) + 0?
2, 5
Let o be 24/6 - (1 - 4). Suppose o*v = 2*v + 65. What are the prime factors of v?
13
Suppose -2*v = 5*x - 411, 4*x = -0*x + 3*v + 338. Suppose 0 = -4*o + w + x, o - 49 = -o + 3*w. List the prime factors of o.
2, 5
Let t(b) = -11*b + 62. What are the prime factors of t(-13)?
5, 41
Let s(c) = c**3 - 5*c**2 + 4*c - 1. Let t be s(4). Let l = t - -11. What are the prime factors of l?
2, 5
Suppose 2*k + 76 = 6*k. List the prime factors of k.
19
List the prime factors of (-9 - -3)/((-1)/5).
2, 3, 5
Let o be (1/1)/((-5)/55). Let z = o - -17. What are the prime factors of z?
2, 3
Suppose -40 = -2*w - 36. What are the prime factors of w?
2
Let q be 1/(-3) - (-20)/6. Let j(w) be the second derivative of -w**5/20 + 5*w**4/12 - 2*w**3/3 + 3*w**2/2 - 2*w. List the prime factors of j(q).
3
Suppose 349 = 5*o - 91. List the prime factors of o.
2, 11
Let l = -20 + 52. Let d = l + 18. What are the prime factors of d?
2, 5
Suppose 0 = 3*x, 5*x + 144 = -4*d + 1172. What are the prime factors of d?
257
Let i = -12 - 0. Let a = -8 - i. What are the prime factors of a?
2
Suppose -9 + 11 = d. Suppose 2*g = 6*g + 4*t - 144, -d*t - 39 = -g. What are the prime factors of g?
37
Suppose 0 = -2*g + 30 - 6. List the prime factors of g.
2, 3
Let f(a) = 6*a + 1. Suppose 0 = n + 3 - 12. Let z be f(n). Suppose -4 = -4*p, 4*u - 2*p + p = z. List the prime factors of u.
2, 7
Let z(r) = -4*r - 8*r**3 + 30*r**3 + 5*r - r**2 + 0*r. List the prime factors of z(1).
2, 11
Let t be (-2 - 10/(-4))*6. Suppose -2*k - 3*f + 44 = 2*f, t*k + 3*f = 66. List the prime factors of 2/12*3*k.
11
Let u(m) = -m + 3. Let t be u(2). Let f = t - -9. What are the prime factors of f?
2, 5
Suppose -4*m + 5*k + 308 = -0*m, 0 = -5*k - 20. List the prime factors of m.
2, 3
Let a(x) = 5*x**2 - 13. List the prime factors of a(4).
67
Suppose -1 + 31 = -5*u. What are the prime factors of (-1 + -23)/(-7 - u)?
2, 3
Let b be (4/(-6))/(3/(-9)). Let s be (b/6)/((-4)/(-12)). What are the prime factors of 1*s*(3 + 10)?
13
Let z(l) = -9*l - 25. List the prime factors of z(-12).
83
Let q(o) = -o**3 + 14*o**2 + 15*o + 8. What are the prime factors of q(15)?
2
Suppose 39 = -9*k + 12*k. List the prime factors of k.
13
List the prime factors of 9/((-54)/480)*-1.
2, 5
Suppose 0 = -6*m + 589 - 61. What are the prime factors of m?
2, 11
Suppose 5*h + 3*b - 156 = 0, -4*h + 5*b + 48 = -3*h. Let u = -1 + 5. Suppose u*c - h = c. List the prime factors of c.
11
Let k be ((-12)/18)/(2/3). List the prime factors of (14/(-3))/(k/3).
2, 7
Let a = 42 - 19. Let y = a - -10. List the prime factors of y.
3, 11
Let d(o) = -13*o**3 - 2*o**2 - 4*o - 3. List the prime factors of d(-1).
2, 3
Let h = -3 - -9. Suppose 0 = -5*d + h + 49. What are the prime factors of d?
11
Let j be (1*-4*2)/(-1). Let a be (2/6)/((-2)/(-12)). Let w = j - a. What are the prime factors of w?
2, 3
Suppose -14 = 3*r + 5*q - 106, 3*r - 96 = -3*q. What are the prime factors of r?
2, 17
Let w = -21 - -29. Let n = -3 + w. What are the prime factors of n?
5
Let p(f) = -f**2 - 11*f + 3. Let i be p(-11). Suppose -o = -i*g - 5*o + 25, -2*o + 51 = 5*g. List the prime factors of g.
11
Let w(d) = -d**3 - 16*d**2 - 17*d + 35. List the prime factors of w(-15).
5, 13
Let v = 34 - 19. List the prime factors of v.
3, 5
Let r(w) = w**3 + 7*w**2 + 4*w + 1. Let z = -13 + 7. Let f be r(z). Suppose 1 - f = -4*y. List the prime factors of y.
3
Let h = 12 + -20. What are the prime factors of h/(-14) + 20/14?
2
Let f(c) = -c - 1. Let t be f(-2). List the prime factors of t/4 + 134/8.
17
Suppose 0 = -g - 5 + 10. Suppose -b - 32 = -g*b. Let m = 6 + b. What are the prime factors of m?
2, 7
Let j(b) = -b**3 + 8*b**2 - 6*b - 5. Let q be j(7). Suppose -2*l + 56 = q*l. List the prime factors of l.
2, 7
Let u = -9 + 16. List the prime factors of u.
7
Let a(i) = -i + 5. Let x be a(5). Suppose 5*b - b + 24 = x. List the prime factors of 1/((-3)/b) + 0.
2
Suppose -2*p = -2 - 16. Suppose f - 3*f = -2*v - 582, 582 = -2*v - 5*f. List the prime factors of 2/p + v/(-27).
11
Let b = -11 - -20. Let i = 0 + b. List the prime factors of i.
3
Suppose -4*p = -175 - 889. What are the prime factors of p?
2, 7, 19
Suppose 3*o + 2*f - 118 = 0, 2*o + 2*f - 82 = -f. List the prime factors of o.
2, 19
Let k be -1 - (-2 - -2 - 3). Suppose -g + 4 = k. Suppose 2*l + 24 = 6*l + g*n, -2*n = 4. What are the prime factors of l?
7
Suppose o - 5*j = -2*o + 169, 229 = 4*o - 3*j. What are the prime factors of o?
2, 29
Suppose -l + 2*l = 2. Suppose -6*y + l = -5*y. List the prime factors of y.
2
Let y(x) = -x**3 + 2*x**2 + 3*x + 1. Let n be y(3). What are the prime factors of -2*n*(6 - 17)?
2, 11
What are the prime factors of (-12)/2 + (124 - 13)?
3, 5, 7
Suppose 0 = -b, 0 = -5*j + b - 5*b + 30. What are the prime factors of j?
2, 3
Suppose 80 = g - 3*r, 4*g - 4*r - 104 - 176 = 0. Suppose 3*q - q = z + g, -4*z = 4*q - 124. List the prime factors of q.
2
Let j be 2/(1 - 0/(-3)). Suppose 0*y + 3*y = 9. Suppose -y*o + 50 = j*o. What are the prime factors of o?
2, 5
Let m(c) = 2*c**2 - 2*c + 3. Let a be m(2). Let z be 4/(-26) - (-240)/(-130). Let j = a + z. What are the prime factors of j?
5
Let d be 9/(-5 - -2) - -5. Suppose 0 = t - 5*a + 15, d*t - 4*t + 3*a - 23 = 0. What are the prime factors of 1*6*(-15)/t?
3
Let y = 6 + -6. Let c(k) = k**2 - k. Let a be c(2). Suppose -35 = -4*x - 5*p - a, 2*x + 3*p - 19 = y. List the prime factors of x.
2
Let z be -2*(-2 - 6/3). Let g = z + 7. List the prime factors of g.
3, 5
Suppose c = 14 + 5. Suppose -5*x - 4*u + u = -24, -u = -x + 8. Let r = c - x. List the prime factors of r.
13
Suppose 5*v - 5 = 4*c, -3*c = v - 0*c - 1. Suppose 29 = 3*h - 4*n, v = 2*h - n - 20. What are the prime factors of h?
11
Suppose -2*f = 2*f - 20. Suppose 3*k - f*n - 64 = -3*n, 2*k + n = 31. List the prime factors of k.
2, 3
Let u(p) = -p**2 + 5*p + 5. List the prime factors of u(4).
3
Suppose -2*x + 5*m + 1 = -10, 3*m + 18 = 5*x. Suppose 1 = -2*t + 3*s - 6, -t = x*s - 19. What are the prime factors of t?
2
Suppose -r + 132 - 48 = 0. What are the prime factors of r?
2, 3, 7
Let r = 202 + -72. What are the prime factors of r?
2, 5, 13
Let b(w) = -w + 5. Let v be b(0). Suppose -4*z + 2 = 2*d, z + 0*z = -v*d + 32. List the prime factors of d.
7
Suppose 3*z = -2*n + n - 28, -3*z + 52 = -4*n. Let v(d) = -3*d**2 + 3. Let b be v(3). Let s = n - b. What are the prime factors of s?
2
Suppose 305 = -3*h + 8*h. List the prime factors of h.
61
Suppose a + 49 = 2*c, -83 = -4*c + 3*a + 2*a. List the prime factors of c.
3
List the prime factors of (1/(-3))/((-4)/144).
2, 3
Let s = 105 - 18. What are the prime factors of s?
3, 29
Let y be (6 + -3)/((-6)/28). List the prime factors of 191/7 + 4/y.
3
Let g be (1 + -1)*(-2)/(-4). Suppose -2*z = -g*z - 12. Suppose h = -h + z. What are the prime factors of h?
3
Suppose 0 = 3*j - 2*j - 2. Suppose 0 = -0*v + j*v - 4*m - 2, -m = -4. List the prime factors of v.
3
Suppose x - 259 = -243. List the prime factors of x.
2
Let b(u) = u**3 - 3*u + u**2 - 7*u**2 + 0*u**3 - 5 - 2. What are the prime factors of b(7)?
3, 7
Let y = -38 + 19. Let m = y + 36. What are the prime factors of m?
17
Let f be 12/4 - 1 - -2. Suppose 2*v + 5*c + 58 = 3*v, -3*v + 98 = f*c. What are the prime factors of v?
2, 19
Let r(h) = -h**3 + h**2 - h - 1. Suppose 4*v + 4 = -0*v. List the prime factors of r(v).
2
List the prime factors of 15/1 + (-6 - -5).
2, 7
What are the prime fa